2747?
0
What is the hundreds digit of 5223383983?
9
What is the hundred millions digit of 948435053?
9
What is the hundred millions digit of 1042485540?
0
What is the hundreds digit of 441415227?
2
What is the tens digit of 177601152?
5
What is the thousands digit of 163017916?
7
What is the hundred millions digit of 621460659?
6
What is the units digit of 39076485?
5
What is the ten millions digit of 14944936?
1
What is the millions digit of 290136682?
0
What is the hundreds digit of 2116507193?
1
What is the ten thousands digit of 25066689?
6
What is the thousands digit of 1837728590?
8
What is the ten millions digit of 158287630?
5
What is the units digit of 2293654818?
8
What is the hundred thousands digit of 66172920?
1
What is the ten thousands digit of 4810776914?
7
What is the millions digit of 87889464?
7
What is the ten millions digit of 535288793?
3
What is the millions digit of 439854148?
9
What is the ten thousands digit of 717070163?
7
What is the hundred millions digit of 548507358?
5
What is the thousands digit of 516188253?
8
What is the hundred millions digit of 1572766971?
5
What is the hundred thousands digit of 1291301856?
3
What is the thousands digit of 8322533943?
3
What is the hundreds digit of 257373649?
6
What is the ten millions digit of 81982682?
8
What is the ten millions digit of 91914094?
9
What is the hundreds digit of 24178271?
2
What is the units digit of 2820562773?
3
What is the ten thousands digit of 327129450?
2
What is the millions digit of 89636310?
9
What is the hundred thousands digit of 2272547480?
5
What is the thousands digit of 86246372?
6
What is the hundreds digit of 40343450?
4
What is the ten millions digit of 79634583?
7
What is the ten thousands digit of 243145116?
4
What is the hundred thousands digit of 1855139?
8
What is the ten thousands digit of 321775175?
7
What is the millions digit of 2221352367?
1
What is the tens digit of 921574092?
9
What is the hundred thousands digit of 86117202?
1
What is the units digit of 4011065?
5
What is the billions digit of 3219433108?
3
What is the tens digit of 33531429?
2
What is the millions digit of 202078809?
2
What is the hundreds digit of 3254767614?
6
What is the thousands digit of 172112256?
2
What is the ten millions digit of 171882052?
7
What is the hundred thousands digit of 4408129?
4
What is the ten thousands digit of 37492098?
9
What is the tens digit of 4518415550?
5
What is the hundreds digit of 99744729?
7
What is the hundred thousands digit of 13189666?
1
What is the ten thousands digit of 42588925?
8
What is the thousands digit of 219902520?
2
What is the hundred thousands digit of 2284028719?
0
What is the billions digit of 5322775616?
5
What is the millions digit of 436565670?
6
What is the hundreds digit of 12315515?
5
What is the millions digit of 3973206035?
3
What is the units digit of 365573429?
9
What is the tens digit of 1103724850?
5
What is the units digit of 89321051?
1
What is the millions digit of 106738849?
6
What is the units digit of 468951336?
6
What is the billions digit of 4553555603?
4
What is the hundred thousands digit of 334846496?
8
What is the millions digit of 37496478?
7
What is the units digit of 13361257?
7
What is the millions digit of 925195837?
5
What is the tens digit of 1815452706?
0
What is the hundred thousands digit of 348262968?
2
What is the ten thousands digit of 18851002?
5
What is the ten millions digit of 2889914125?
8
What is the units digit of 35258773?
3
What is the hundred millions digit of 2482600541?
4
What is the thousands digit of 59074933?
4
What is the ten thousands digit of 494375965?
7
What is the billions digit of 1455519044?
1
What is the ten thousands digit of 62453118?
5
What is the units digit of 1519478280?
0
What is the units digit of 860040833?
3
What is the hundreds digit of 654469215?
2
What is the thousands digit of 1337153222?
3
What is the ten millions digit of 6722123989?
2
What is the hundred thousands digit of 26049998?
0
What is the ten thousands digit of 22582539?
8
What is the tens digit of 646583016?
1
What is the units digit of 238495446?
6
What is the hundred thousands digit of 254697202?
6
What is the hundred millions digit of 2289468044?
2
What is the ten thousands digit of 613418377?
1
What is the tens digit of 446424?
2
What is the hundred millions digit of 150786367?
1
What is the tens digit of 508666562?
6
What is the hundreds digit of 379734197?
1
What is the hundred thousands digit of 897955204?
9
What is the ten millions digit of 1969627544?
6
What is the ten millions digit of 107492075?
0
What is the millions digit of 238733836?
8
What is the millions digit of 138295812?
8
What is the hundred millions digit of 4389639589?
3
What is the hundred thousands digit of 15356179?
3
What is the units digit of 1683265855?
5
What is the hundred millions digit of 184510670?
1
What is the ten thousands digit of 30981416?
8
What is the thousands digit of 303148910?
8
What is the hundreds digit of 342729177?
1
What is the hundred thousands digit of 2954556?
9
What is the thousands digit of 776959991?
9
What is the millions digit of 119508475?
9
What is the units digit of 5515401374?
4
What is the thousands digit of 3038232380?
2
What is the hundred thousands digit of 24327712?
3
What is the millions digit of 1907496965?
7
What is the hundreds digit of 228423828?
8
What is the millions digit of 739711517?
9
What is the billions digit of 2812024119?
2
What is the ten thousands digit of 209282287?
8
What is the tens digit of 19564386?
8
What is the millions digit of 15511337?
5
What is the units digit of 926024736?
6
What is the hundred thousands digit of 762460369?
4
What is the units digit of 216649038?
8
What is the ten millions digit of 56500915?
5
What is the hundred millions digit of 8086043070?
0
What is the tens digit of 17838696?
9
What is the tens digit of 1411896391?
9
What is the units digit of 4492183?
3
What is the ten thousands digit of 530007529?
0
What is the hundred thousands digit of 137664014?
6
What is the units digit of 240323905?
5
What is the ten millions digit of 116151301?
1
What is the hundreds digit of 487047252?
2
What is the hundred thousands digit of 172960903?
9
What is the units digit of 524800725?
5
What is the billions digit of 2058962200?
2
What is the hundreds digit of 14049768?
7
What is the thousands digit of 42901678?
1
What is the thousands digit of 6502116924?
6
What is the ten thousands digit of 5416971?
1
What is the hundred millions digit of 1124106171?
1
What is the hundreds digit of 1392672012?
0
What is the millions digit of 251573314?
1
What is the hundred thousands digit of 520158438?
1
What is the millions digit of 689136469?
9
What is the millions digit of 499155872?
9
What is the millions digit of 356230863?
6
What is the tens digit of 289056235?
3
What is the ten thousands digit of 11610567?
1
What is the millions digit of 1561052616?
1
What is the thousands digit of 644080220?
0
What is the billions digit of 1840997884?
1
What is the hundreds digit of 570961716?
7
What is the hundred millions digit of 397632923?
3
What is the units digit of 3518087843?
3
What is the units digit of 585440447?
7
What is the units digit of 93348325?
5
What is the hundreds digit of 6554666265?
2
What is the millions digit of 5021528931?
1
What is the hundred thousands digit of 1856081078?
0
What is the hundred thousands digit of 1484735019?
7
What is the units digit of 106566212?
2
What is the thousands digit of 73103241?
3
What is the ten millions digit of 820600712?
2
What is the hundreds digit of 953759498?
4
What is the hundred thousands digit of 872862404?
8
What is the ten millions digit of 5520495718?
2
What is the units digit of 142631800?
0
What is the tens digit of 24603727?
2
What is the units digit of 343557294?
4
What is the thousands digit of 11408590?
8
What is the millions digit of 605601489?
5
What is the units digit of 32080649?
9
What is the ten millions digit of 3367375179?
6
What is the hundred millions digit of 1372615625?
3
What is the millions digit of 64491218?
4
What is the thousands digit of 10655373?
5
What is the thousands digit of 207176924?
6
What is the billions digit of 1725189725?
1
What is th